 - -1). Calculate the highest common factor of 10 and q.
10
Suppose -2*x + 5*p = x - 1137, 0 = 3*p + 9. Calculate the greatest common divisor of 34 and x.
34
Suppose 2*r - 4 = a - 3, -5*a - 2*r = -19. Let x = 0 + a. Calculate the greatest common divisor of 24 and x.
3
Suppose 0 = -2*b + 5*b + 21. Let a = b + 26. What is the highest common divisor of a and 95?
19
Suppose 0*x - 4*x = -128. Suppose -c + x = -19. Calculate the highest common factor of 17 and c.
17
Let m(o) = 2*o + 32. Let i be m(-14). Let n be 38/14 + (-4)/(-14). Suppose 0 = n*t - t - i. Calculate the highest common divisor of 3 and t.
1
Suppose -5*r + 3*r = 8. Let i = r - -6. Calculate the highest common divisor of i and 6.
2
Let d(q) = 3*q - 35. Let p be d(13). What is the greatest common factor of p and 1?
1
Let v = -71 + 101. Calculate the greatest common factor of 75 and v.
15
Let t be (-6)/(-10) - 6/10. Suppose u + 4 - 13 = t. What is the highest common divisor of 45 and u?
9
Let s be (-16 - -13)*(-14)/3. Calculate the highest common divisor of s and 28.
14
Suppose 2*n = -2*n + 1328. Let g be n/20 - (-4)/10. Let l = -35 + 154. What is the highest common divisor of g and l?
17
Suppose 3*s = -u + 38 + 3, 39 = 3*s + 3*u. Suppose y + 10 = 3*y. Suppose 0 = 5*m - 4*k - 6, 3 - 4 = -3*m + y*k. What is the highest common divisor of s and m?
2
Suppose 0 = -s - 6 + 1, 4*s = 3*w - 80. Calculate the highest common divisor of 8 and w.
4
Let u(q) = -q**2 + 14*q - 19. Let a be u(10). What is the greatest common factor of 7 and a?
7
Suppose 7 = -4*b + 23. Let w(j) = -j**3 + 5*j**2 - 3*j + 2. Let y be w(b). What is the greatest common divisor of y and 6?
6
Let i be (-46)/(-4) - 3/6. Let w = 2 + -5. Let q be (w - -3) + -3 + 91. What is the greatest common divisor of i and q?
11
Let q be 8 + 18 - (-1 - 3). Let m(x) = 74*x**2 + x. Let y be m(1). Calculate the greatest common divisor of q and y.
15
Suppose 0*q = 4*q + 8, -3*q = -2*r + 276. Let d = -389 - -623. Let w be d/15 - (-3)/(-5). Calculate the greatest common factor of r and w.
15
Let l(b) = b**3 + 3*b**2 + 3*b. Let u be l(3). Let g = -9 + 6. Let c be 0 + (g - 30/(-3)). What is the highest common factor of c and u?
7
Let o be 0/(6/(-3)) - 63*-1. What is the greatest common factor of 21 and o?
21
Let w = -292 - -314. Let d(a) = a**3 - 3*a. Let m be d(5). Calculate the highest common divisor of m and w.
22
Let h be -1 + (0 - -1*28). What is the greatest common divisor of 216 and h?
27
Let a be (2/(-4))/(4/(-416)). Calculate the highest common divisor of a and 130.
26
Suppose -22 = 2*i + 2*i - y, -5*y + 14 = -4*i. Let r(q) = q**2 - q + 13. Let k be r(i). Let b = 49 + -27. What is the greatest common divisor of b and k?
11
Let k be 20/(-25) - 1516/(-20). Calculate the highest common factor of 15 and k.
15
Let r = -7 + 4. Let g be (-4)/(-6) + (-160)/r. Let f = -10 + 16. What is the greatest common divisor of g and f?
6
Suppose 0*d = -d + 66. Let c = d - 42. Let w = 43 - 7. Calculate the highest common factor of c and w.
12
Suppose -u - 10 = -3*u. Suppose -4*w = -53 + u. What is the greatest common divisor of w and 4?
4
Let i = -9 + 14. Calculate the highest common divisor of i and 45.
5
Suppose 201 = -3*c + 4*t - 2*t, -5*c + 2*t = 331. Let n = -44 - c. Calculate the highest common factor of 7 and n.
7
Let t(v) = 3*v - 34. Let b be t(23). Calculate the highest common divisor of b and 315.
35
Let s be -6*2/(-15)*280/16. What is the highest common factor of 140 and s?
14
Let m(n) = -n + 10. Let g be m(-5). What is the greatest common divisor of 20 and g?
5
Let q(s) = -6*s. Let i be q(-1). Suppose c - i = -2. What is the highest common divisor of c and 44?
4
Suppose 0 = -4*a + 38 + 58. Let g = -8 + a. What is the highest common divisor of 32 and g?
16
Let s = -64 - -74. Calculate the greatest common divisor of 10 and s.
10
Let i = 4 - 7. Let w be (1*i + 2)*-36. Suppose 4*o - 16 = -2*b - 0*b, -4*o + w = 4*b. Calculate the highest common divisor of 110 and b.
10
Suppose -5*m + 72 = 3*p, -5*p + 121 = -m + 1. Calculate the greatest common divisor of 24 and p.
24
Let i be (-229)/(-11) + 14/77. Calculate the greatest common factor of i and 14.
7
Let z(i) = -i**3 + i**2 + 4*i + 1. Suppose 8 = -3*j - 1. Let s be z(j). What is the greatest common divisor of 75 and s?
25
Let y(s) = s**2 - s + 2. Let d be y(5). What is the greatest common divisor of d and 33?
11
Let l be 1/(((-35)/50)/(-7)). Calculate the highest common divisor of l and 90.
10
Let i be (49/14)/((-1)/(-2)). Calculate the greatest common factor of 1 and i.
1
Let j = 11 - -9. Let f(q) = -4*q + 6. Let a be f(-6). What is the highest common divisor of a and j?
10
Suppose 52 = 5*m - 218. What is the highest common divisor of m and 36?
18
Let y(o) = o**2 + 2*o + 1. Let i be y(5). What is the highest common factor of i and 18?
18
Suppose -4*g = -4, f = 3*f - g - 43. Suppose 0*k = 3*k - 330. Calculate the highest common factor of f and k.
22
Let z(h) = 5*h**2 - 4. Let v be z(-2). What is the highest common divisor of v and 64?
16
Let s(d) = 6*d**2 + 10*d - 23. Let h(i) = -3*i**2 - 5*i + 11. Let a(x) = -5*h(x) - 2*s(x). Let z be a(-9). Calculate the highest common divisor of z and 21.
21
Let s = -7 - -13. What is the highest common divisor of 1 and s?
1
Let f = -4 + 10. Suppose -468 = -f*y + 2*y. Let k = y - -27. Calculate the greatest common factor of k and 18.
18
Let k be (5/(-2))/((-3)/(-6)). Let m be 9/12*(-9 + 1). Let x = k - m. What is the highest common divisor of 11 and x?
1
Let d(s) = 2*s**2 - 6*s - 4. Let u be d(6). Suppose -w + 197 = 4*y, y + w - 37 - 16 = 0. Calculate the highest common factor of u and y.
16
Let i(o) be the first derivative of o**2/2 + 2. Let v be i(2). Suppose 3*d = 5*p + 27 - 133, p = v*d + 24. Calculate the highest common factor of p and 10.
10
Let s(q) = -q**3 - 3*q**2 + 6*q + 2. Let o be s(-4). Let k be (-250)/o - 1/(-3). Suppose 0*p = -5*p + 525. What is the highest common divisor of p and k?
21
Let c(t) = -t**3 + 8*t**2 + t - 2. Let w be c(8). Let s(h) = 2*h - 3. Let o be s(w). What is the greatest common divisor of o and 3?
3
Let z = -112 + 202. What is the highest common factor of z and 9?
9
Suppose 4*j + 3*k - 25 = 0, -j + 2*k - 2 = -0*k. Calculate the highest common divisor of j and 20.
4
Let o(k) be the second derivative of k**4/12 + k**3/6 + 2*k. Let z be o(-3). What is the greatest common factor of z and 54?
6
Let t = 150 + -54. Calculate the greatest common divisor of 12 and t.
12
Let j(y) = 19*y - 7. Let o be j(5). Calculate the greatest common divisor of 11 and o.
11
Suppose -3*m = 3 - 9. Suppose 3*c - m*o = 13 + 8, 30 = 3*c + o. What is the highest common factor of 63 and c?
9
Let h be ((-22)/(-10))/((-5)/(-25)). Let x = -8 + h. Let g(o) = -o**3 + 5*o**2 - 1. Let j be g(4). Calculate the highest common factor of j and x.
3
Let m be (-2)/10 + 72/10. Calculate the greatest common divisor of 7 and m.
7
Let t be 0 + -3 + 4 - -74. What is the highest common factor of 25 and t?
25
Suppose -3*r = 2*r - 10, 3*s - 5 = -4*r. Let k be -3 - -4 - 14/s. Calculate the highest common factor of k and 5.
5
Suppose -2 = -g - 0. Suppose -g*k = -2*t - 0*t + 26, -69 = -5*t + 3*k. Let r be (-451)/(-6) - 10/60. Calculate the greatest common divisor of r and t.
15
Let o(p) = -22*p**3 + p**2 + p + 1. Let m be o(-1). Let s = m + -10. Let x = 287 + -144. What is the greatest common divisor of s and x?
13
Let u = -5 - -15. What is the greatest common factor of 5 and u?
5
Let u(p) = -p**3 - 5*p**2 + 5*p + 8. Suppose -3*s = 6, 0*s + 4*s = -4*z - 32. Let h be u(z). What is the highest common factor of h and 7?
7
Let n(i) = i**3 + 3*i**2 - i + 28. Let s be n(0). What is the highest common factor of 28 and s?
28
Let x be (3 - 9/6)*48. Suppose 3*z = -z. Suppose -2*r - 5 + 21 = z. Calculate the highest common divisor of x and r.
8
Let q = 58 - 38. What is the highest common factor of 4 and q?
4
Let i be (0 - 1/2)/(19/(-38)). Calculate the highest common factor of i and 15.
1
Let u be (-8)/10*50/(-4). Suppose -o = -6*o. Suppose -5*t = 3*g - t - 150, 5*t = o. What is the highest common divisor of u and g?
10
Let k(s) = 16*s**2 + 3*s + 3. Let l be k(-1). Suppose 301 = -5*x + 1021. What is the highest common factor of l and x?
16
Suppose 2*f = f + 2, 3*u = -3*f + 6. Let v = 3 - u. Let g = v